 5)?
62
-7 + 25 + -7 + -32
-21
176 + -178 + (84 - 65)
17
Evaluate (-9 + 8 + -4 + -68 - -2 - -2) + -11.
-80
What is -95 + 10 + -40 + 35?
-90
Calculate 11 + (-33 - -36 - 3) - -80.
91
What is the value of -127 - (31 + (-168 - -25))?
-15
What is -17 + 91 + -40 + 15?
49
What is the value of (-1 - -3) + 121 + -129 + (-12 + -11 - -10)?
-19
What is 45 + -16 + 97 + -3 + -9 - 22?
92
Calculate -44 - (14 - (27 - 24 - -20)).
-35
Calculate -42 + -12 + -6 + -1 + 0 + (9 - -1).
-51
What is the value of (-15899 - -15993) + -172 + 1?
-77
Calculate -111 + (13 - 20 - 9) + -2 + 16 + 2.
-111
(-22 + 34 - -2) + (-10 - -1)
5
What is the value of 3 + 5 + -8 + 7 + -9 - -32?
30
What is the value of (-6 - 3 - (0 - (10 - (3 - -1)))) + 25?
22
-5 + (1 + -2 - -14) + (-832 - -811)
-13
What is the value of 6 + (-4 - (9 + 4)) - (9 - -11)?
-31
Calculate -9 + 11 - -8 - 2 - (-35 - -37).
6
What is -50 + -55 - -35 - -85?
15
What is the value of -19 - ((28 - 8 - -10) + -59)?
10
Evaluate 32118 + -32119 + (2 - (-1 + -1 + -45 - 0)).
48
What is the value of -19 + 54 + -53 - (7 + 42 + 0)?
-67
12 - (56 - -8) - -19
-33
What is 5 + 18 + -12 - (45 - 18 - (0 - -1))?
-15
-18 + (-5 - ((17 - 14) + -17)) - (-23 - -1)
13
Evaluate 32 + -45 - ((6 - 2) + -10) - (-94 - -1).
86
What is 23 + -70 + (0 + 3 + -5 - -7)?
-42
Calculate 3 - (1 + -14 - -26 - 3 - (-1 + 1)).
-7
What is the value of (233 + -180 - 52) + (13 - (-1 - 0))?
15
What is the value of 9 - (-76 + (62 - -16))?
7
Evaluate -5 + 2 - (20 + -50 + 60 + 3).
-36
Evaluate -4 + -5 - 3 - (-18 - (8 + (-16 - -3))).
1
What is the value of -87 - ((-11 - (11 - 8) - -6) + 3 + 2)?
-84
(-62 - -60) + 8 + 9 - -17
32
Evaluate 24 - 44 - 28 - -16.
-32
What is the value of -10 + (-38 - 10) - -50?
-8
Evaluate -8 - (-17 + (-7 - (-21 - (7 - 17)))).
5
Evaluate 1 + -1 + 35 - (-2953 - -2948).
40
What is 7 - 0 - (-59 + 105) - 21?
-60
Evaluate -45 - (304 + -111 + -93).
-145
What is the value of (19 + -30 - -33) + (-8 - -7) + -94?
-73
What is -15 + 21 - -17 - 18 - -28?
33
What is the value of -51 + 11 + 22 - -4 - (1 - -27)?
-42
Evaluate -7 + -24 + (-21 + 15 - -52).
15
What is the value of (-66 - -68 - (16 + 0)) + (5 - 0 - -4)?
-5
What is (-14 - (-25 + 1 - -25)) + 39 + -4?
20
What is -4 - (1 - -9 - (-17 + -4 + 29)) - 15?
-21
Evaluate 1 + 1 + (-31 + 39 - 3) + -68 + -11.
-72
What is the value of (29 - (-8 + 13 + 23)) + -45?
-44
What is 1 - (-34 - -12) - (-16 + 14 + -1)?
26
Calculate 2 - -9 - ((11 - 20) + 1 - -4).
15
Calculate 74 + -16 - (9 + (-18 - -11)).
56
What is the value of 150 - (-70 + 233) - (0 + 1 - -3)?
-17
Evaluate 55 + -2 + (706 - 741) - 47.
-29
Calculate 406 - 447 - (26 + 1 + -4).
-64
Calculate -44 - 0 - (12 + -6 - (128 - 109)).
-31
Evaluate 10 + -53 + 29 - (2 - 55).
39
What is 20 + -1 + 199 + -204 - -5?
19
0 + (-7 - -56 - 46)
3
What is the value of -1 - 53 - (-11 + (-7 - -42))?
-78
0 - 0 - 17 - ((-10 - -126) + -116)
-17
What is 0 + -31 + -2 - (-4 + 49 - (-80 - -133))?
-25
-13 + 7 + 18 - ((23 - -2) + 7)
-20
Evaluate (-3 - 8) + -428 + 380.
-59
What is (4 - ((-1 - 4) + 23 + -29)) + -7?
8
What is -5 + -40 - ((-12 - (-14 - -13)) + -2)?
-32
(-5 - (-8 + (5 - (1 - 2 - -6)))) + 8
11
What is (28 - 39) + -4 + 26?
11
What is the value of -69 - (-67 + 72) - -18?
-56
What is 11 + (53 + -14 - 33 - (1 + -4))?
20
(-6 - -2) + 49 + (40 - 42)
43
What is -43 + 22 - (-111 + 34)?
56
Calculate 1 + 27 + -18 + 5 - -19.
34
What is 33 + -57 + 49 + -27?
-2
Calculate 81 - (-20 - -78 - -46).
-23
What is 20 + 4 + -1186 + 1200?
38
Evaluate 115 + -18 + -94 - (2 + -1 + 11).
-9
What is the value of -14 - (-80 + 38) - 86?
-58
Evaluate -52 + 114 + -69 + -16.
-23
What is the value of -112 - (16 + 39 + (-25 - 34))?
-108
-1 - (-16 + (43 - 35))
7
What is -17 - 2 - (844 - 922) - -26?
85
What is (5 - (52 - (-29 - -35))) + -2 + -13?
-56
What is 11 - (-67 + (0 - -1) + (-59 - (-24 + -33)))?
79
-18 + (-22 - -36 - (-7 - -25))
-22
What is 31 + (-19 + 35 + -6 - (-4 + 0))?
45
Calculate -537 + 512 + (2 - -1) + (7 - 0).
-15
Evaluate -1 - -7 - (-33 + 3) - (-76 + 78).
34
Calculate -4 - (-22 - (-1 + -1)) - (-769 + 735).
50
Calculate -36 - (-31 + 4) - 21.
-30
Calculate -43 + 10 + 2 + 2 + -9 + 3.
-35
Calculate -6 + 9 + -2 + (-33 - (20 + -24)).
-28
Evaluate (13 - 65) + 7 - (1 + -1 + (3 - 2)).
-46
Evaluate -165 - -90 - -38 - -94.
57
Calculate -5 - (-2 - (-5 + 30) - 24).
46
Calculate (-19 - 1 - -62) + -152.
-110
Calculate 12 + ((-4 - -3) + 7 - (116 - 80)).
-18
15 + (33 - 7) + (0 - (1 - -5))
35
0 - 3 - 6 - (120 - 83)
-46
What is the value of -39 - (1 + -6) - (117 + -86)?
-65
Evaluate 3 + (6 - ((4 - -8 - 19) + 52)).
-36
What is 1328 + -1320 + (25 - 1 - -2)?
34
What is -1 + (-14 - (-48 - -50))?
-17
What is -48 + (46 - -23) - -2?
23
What is the value of 2 - (29 + (-33 - 6 - 17))?
29
Evaluate 7 + -31 + (-50 - -37).
-37
What is the value of (64 - 8) + 680 + -771?
-35
(-5 - (2 - -1)) + (11 - -17 - 14)
6
What is (-15 + -13 - (-4 + -2)) + (-8 - 2) + 6?
-26
(-382 + 380 - (-16 - -1)) + -20 - 62
-69
What is (-57 - 5) + 417 + -375?
-20
Calculate (-3 + 58 - 29) + -25 - (0 + 73) - 7.
-79
Evaluate -17 - 0 - (-1 + 24 - (-30 + 37)).
-33
Evaluate -42 - (-5 + (-69 - 4)).
36
What is the value of -9 + -15 + 28 + -12 + 9 - -5?
6
Evaluate (-2 - (4 - 14)) + -24 + 3 + -9 + -5.
-27
What is (-1 - -21) + -2 - ((-101 - 88) + 112)?
95
-754 - -1423 - 781 - ((1 - 15) + 1 + 0)
-99
Calculate -1 + -12 + -3 + 32 + -105 + 17.
-72
What is 4 - 24 - (-1458 + 1455)?
-17
-69 - 17 - (-8 + 0 + (27 - (-24 - -51)))
-78
-16 - (-1 - (-17 - (-1 + 1)) - (-543 + 638))
63
1 - 36 - (2 + -17 - (-217 - -191))
-46
What is -2 + (35 - 8) + -15 - 4?
6
-7 + (-9 - 5) + 101 + 0 + -6
74
Evaluate -14 + (0 - -1) + -28 + 38 + -31.
-34
Calculate -19 + -30 + -21 + 110.
40
Calculate 11 + -13 - (-63 - -60).
1
What is the value of (498 - 474) + (24 - 52)?
-4
What is the value of -125 + 130 + -7 + 24?
22
What is -33 - (11 - (-3 + 1))?
-46
What is the value of -70 - -45 - 17 - -68?
26
Calculate (5000 - 4992) + (0 - 0 - -7).
15
Calculate (-442 - -473) + 0 + 5 + (2 - 0).
38
What is 2 - (-33 - -1) - (-25 + 31)?
28
Evaluate 9 + 116 + (634 - 773).
-14
Evaluate -370 + 389 + -17 + 5.
7
-56 + (15 + -35 - -57)
-19
Calculate -25 + 1 + -5 - -30 - -20.
21
6 - 7 - (-57 - (30 - 19 - 19))
48
What is the value of 1513 + -1521 - (25 + 0)?
-33
What is the value of -22 + 1 + -3 + -7 + 24 + 1 + -20?
-26
Calculate -106 + 7 + 111 + -1 + -80 + -2.
-71
Calculate 6 + (0 - (-2 - -3)) - (-475 - -466).
14
What is the value of -5 - (-5 - (-129 - -15) - (30 + -17))?
-101
Evaluate 30 - (-96 + -54) - 64.
116
What is the value of -43 + 152 + -191 - (0 - -1)?
-83
Evaluate -3 - (0 + 58) - (0 + (4 - (3 + 8))).
-54
What is the value of 55 - (11 - (-30 + -27))?
-13
144 + -129 + (-1 - 12) + 10 + 2
14
What is the value of (5 - 24) + (-5 + 16 - 2 - 3)?
-13
What is 1347 - 1395 - (-1 + -2)?
-45
Evaluate (-4 - ((-8 - (25 + -3 + 2)) + -2)) + 11.
41
What is -16 - (-71 - (13 - -2 - 38))?
32
58 + (64 - 68) + (5 - (-1 - -4))
56
Evaluate 1 + 29 + -48 + -2.
-20
-15 - -5 - (9 + 12 + -21 - (1 - 2))
-11
What is 11 + (20 - 10) + -15 + -13 + 7?
0
Evaluate -11 - (-4 - -4 - (44 + 8 + -13)) - 9.
19
What is 41 + -4 + -13 + -35 - -38?
27
Evaluate 1 + (-21 - -2) + (1408 - 1404).
-14
-8 - -39 - 0 - (37 + 73)
-79
Evaluate 108 + (-26 + 2 + 13 - -17 - -14).
128
What is the value of -75 + 102 - -51 - (2 - -19) - (0 + 0)?
57
(-48 - 15) + -8 + (-2 - 8) + 25
-56
What is the value of -13 + -1 + (-142 + 65 - -78) + 151?
138
What is 24 + (-8 - -10) - (247 - 141)?
-80
What is the value of -9 - (-28 - 37 - -22)?
34
What is (1 - 2 - (27 + 21 + -17 - 27)) + 40?
35
What is -3 - (9 + (1 - 3)) - ((0 - -10) + -11)?
-9
Evaluate -238 + 256 - (-6 - (-5 - 49)).
-30
What is the value of (3 - (1 - -41)) + (101 + -73 - 28)?
-39
Calculate -18 - (2 - (1 - (20 + -23))).
-16
What is (41 - (15 - 13)) + -8 - (-7 + 5)?
33
Evaluate 71 - (30 - (16 + 3) - (5 + -4)).
61
Calculate 4 + 6 - (-7 - 8 - -29).
-4
-9 + -1 + 4 + -43 + 32
-17
Evaluate 7 + -75 + 31 + -42 + 31.
-48
(-49 - (-10 - (-9 + 41 + -21))) + -23
-51
What is the value of 18 - (22 + 4 - 77 - -18)?
51
(3 + 9 - 0) + 27 + -7
32
Calculate 20 + ((17 - 18) + 1 - -1) + -79.
-58
Evaluate -14 + (17 - 7) + 35 + -21.
10
Calculate 1 - 131 - (-1929 - -1871).
-72
What is -8 - -106 - (1 + -16 - -13)?
100
(-6 + 2 - (7 + 15 + 7)) + -311 + 305
-39
Cal